ond derivative of z(w). What is the units digit of t(7)?
7
Suppose -25 = -8*j - 1. What is the units digit of (-693)/(-11) - (-2 + j)?
2
Let c(q) = q**3 + 39*q**2 - 13*q + 16. What is the tens digit of c(-9)?
6
Let s(d) = d**3 + 6*d**2 - 3*d + 7. Let p be s(-6). Let w = p + -24. What is the units digit of 39 + ((-4)/(-4))/w?
0
Let b = -20 + 1. What is the tens digit of b/((15/9)/(-5))?
5
Suppose 0 = -3*j - t + 5, -3*t + 0*t - 13 = -5*j. Suppose 0 = -m + r - 3*r + 65, -j*r - 100 = -2*m. What is the units digit of m?
5
Suppose -3*k = 4*x - 27, 0 = -2*k - 5*x + 31 - 6. Suppose -560 = -k*w + 55. What is the tens digit of w?
2
Let m be -27*-2*(-8)/(-12). What is the units digit of 254/2 + m/18?
9
Suppose 922 + 210 = 2*c. What is the hundreds digit of c?
5
Let y(n) = 56*n**2 - 20*n - 143. What is the tens digit of y(-6)?
9
Suppose n = -4*z - 11, -5*z = 2*n + n - 2. Let f = 28 - n. What is the units digit of f?
9
Suppose -w + 87 + 38 = 4*o, -w + 110 = o. What is the units digit of w?
5
Let d = -409 - -275. Let m = d - -168. What is the units digit of m?
4
Suppose -3*g - g = -4. What is the units digit of 4/g - (10 - 59)?
3
Suppose 2 = 4*b - 38. What is the tens digit of ((-50)/4)/(b/(-20))?
2
Suppose 3*a = 3*b - 0*a + 87, 2*b = a - 53. What is the units digit of (32/b)/((-6)/387)?
6
Suppose 2*n - 78 + 28 = 0. Let u = -1 + n. What is the units digit of u?
4
Let d = 621 + -173. Let s = d + -320. What is the units digit of s?
8
Let d = -30 + 390. What is the hundreds digit of ((-14)/(-5))/(3/(d/3))?
1
Suppose 4*l - 3300 = -l. Suppose 20*x - 16*x - l = 0. What is the units digit of x?
5
Let a(v) = v + 4. Let i be a(10). Suppose -4*c = -i*c + 1500. What is the hundreds digit of c?
1
Let w(l) = l**3 + l**2 + l + 1. Let m(y) = -y**2 + 5*y + 8. Let n be m(6). Let j be w(n). Suppose 2 = -4*i - 2*v, 4*v + 7 = i - j. What is the units digit of i?
2
Let c(z) = -z**3 + 4*z**2 - z + 7. Let g be c(3). Suppose -29 - g = -3*m. Suppose 3*f + x - 59 = m, 0 = -f + 4*x + 46. What is the units digit of f?
6
Let g be ((-1)/(-3))/((-7)/(-252)). Suppose 0*w - g = -3*w. Suppose 162 = -w*s + 7*s. What is the units digit of s?
4
What is the units digit of (88/5)/(4/130)?
2
Let t = -31 + 34. Suppose 3*g = 4*z + 561, -2*g + t*z + 74 = -300. What is the hundreds digit of g?
1
Suppose 5*b - 5*f - 1495 = 0, -2*b + 45 = -5*f - 568. What is the tens digit of b?
9
Suppose 3*v = -4*b + 17, -3*v + b = -3*b - 25. Suppose 4*a - v*a = -96. What is the tens digit of a?
3
Suppose -13*f + 6246 = -7*f. What is the thousands digit of f?
1
Suppose -3*y - 3*n = 0, -5*y = -4*n - 42 + 6. Suppose 10*r - 156 = y*r. Let d = -7 + r. What is the units digit of d?
9
What is the units digit of 1072 + 1 + -1 - (-30)/10?
5
Let p be (-1 + -3 - -4)/1. Suppose -2*o = -3*w + 12, p = 3*w + w - 3*o - 17. Suppose 0 = -w*g + 6 + 60. What is the tens digit of g?
3
Let z(v) = v + 5. Let j be z(9). Let d = 19 - j. Suppose -d*w = 4*t - 60, 0 = -5*w - 2*t + 71 - 21. What is the units digit of w?
8
Let p(j) = -j + 10. Suppose 0 = -3*n + n - 4. Let l(t) = t**2 + 5*t - 2. Let o be l(n). What is the units digit of p(o)?
8
Suppose 0*u + 4100 = 20*u. What is the tens digit of u?
0
Let t = -1334 - -1950. Suppose -344 - t = -4*a. What is the units digit of a?
0
Let n = -484 + 746. What is the units digit of n?
2
Let y = 913 - 473. What is the hundreds digit of y?
4
Suppose -6*a + 6 = -9*a. What is the tens digit of -2*38/4*a?
3
Suppose o + 2*o - 567 = 0. What is the hundreds digit of o?
1
Let d(s) be the first derivative of 2*s**2 - 5*s + 9. What is the units digit of d(6)?
9
Suppose -2*c - 5*y + 6 = -4*c, 4*c - 44 = -4*y. Suppose -3*v + c = -32. What is the units digit of (-8)/(-24)*(2 + v)?
5
Let g(s) = 11*s - 13. Suppose 4*t + 4 = 44. What is the units digit of g(t)?
7
What is the thousands digit of 3 + (-2 + 1021)/(1 + 0)?
1
Suppose -105*w + 107*w - 1118 = 0. What is the hundreds digit of w?
5
Suppose -7 = 2*c + 2*l + 169, -l - 340 = 4*c. Let x = 58 - c. What is the hundreds digit of x?
1
Let c(m) = -35*m**2 + 2 + 11*m + 1 + 45*m**2 + m**3. What is the tens digit of c(-5)?
7
What is the hundreds digit of 4 - ((-6 - -11) + -2517)?
5
Let z be -2 - (-4 + 3)*3. What is the tens digit of (-4)/z - (-12 + -10)?
1
Let h(l) = -l**3 - 6*l**2 + l + 14. Let t be h(-6). What is the units digit of (-2*12/t)/(-1)?
3
Let x(n) = -15*n + 21*n - 4*n + 4. What is the units digit of x(2)?
8
Suppose -74 = 3*u + 46. Let x = -5 - u. What is the units digit of x?
5
Suppose 13*w - 4 = 11*w. Suppose -4*z + 132 = -w*z. Suppose z + 124 = 5*u. What is the tens digit of u?
3
Suppose 0 = -5*d + 2*f + 516 + 2161, 2*d - 1074 = 4*f. What is the hundreds digit of d?
5
Let g be (-1)/(26/12 - 2). Let s = 8 + g. Suppose -2*h + 4 = s*v, 5 = 3*v + 2*v. What is the units digit of h?
1
Suppose -8 = 2*o, -133 = -g - 2*o - 25. Let s = g - -28. What is the hundreds digit of s?
1
What is the hundreds digit of (-70)/(-14) + 2 + 34*53?
8
Let f = 2 + 2. Suppose f - 7 = s. What is the units digit of 27/(-2)*(s + 1)?
7
Let m(h) = 85*h + 93. What is the units digit of m(5)?
8
Suppose 5*d = m - 373 + 93, 3*d - 288 = -m. What is the units digit of m?
5
Suppose 5*x + 11 + 9 = 0, 2*b - 110 = 2*x. Let f = 133 - b. What is the tens digit of f?
8
Let o(a) = 2*a**2 + 8*a + 11. Let n be o(-11). Suppose 5*c - 95 - n = 0. What is the units digit of c?
2
Suppose -4*i + 1846 = -0*i + c, 0 = -2*i - 4*c + 916. What is the tens digit of i?
6
Let x = -1048 - -2422. Suppose 0 = 15*v - x - 726. What is the tens digit of v?
4
Suppose -2*d + 0 + 4 = -3*r, -2*r - 3*d + 19 = 0. Let k be 1*(-4 + r) + 1. Let z = 8 - k. What is the units digit of z?
9
Suppose -60*b = -55*b - 1420. What is the units digit of b?
4
Let l(z) be the third derivative of -z**4/8 + 5*z**3/2 - 6*z**2. Let i be l(-6). Suppose 0 = -h - 2*w - i + 116, w = -5*h + 406. What is the tens digit of h?
8
Let t(y) = -y**2 + 7*y + 3. Let m be (-72)/(-14) + (-4)/28. Let n be (m - 6)/((-2)/10). What is the tens digit of t(n)?
1
Let x(l) = -l**2 + 6*l + 4. Let k(d) = -d - 1. Let c(z) = -4*k(z) + x(z). What is the units digit of c(10)?
8
Suppose -10 = -d + 2*j, 39 = 3*d + 2*j + j. Suppose 0 = 4*t + d, 4*v = -t + 266 + 159. What is the units digit of v?
7
Let p be (-23)/(-4) - (-9)/(-12). Let k = -9 - p. Let j = k + 23. What is the units digit of j?
9
Suppose 3*t - 2*x = 5*t + 214, 2*t - 2*x = -198. What is the units digit of -2 + 2 + (-2 - -6 - t)?
7
Let u(f) = 30*f - 291. What is the units digit of u(28)?
9
Suppose 21087 = 10*g + 3087. What is the hundreds digit of g?
8
Let i be 3/((-3)/(-20)) + 0. Suppose z - 5 = 0, 0*q - i = -5*q - 5*z. What is the tens digit of 34 + (4 + q)/(-3)?
3
Let n = 479 - 340. Suppose 3*s = -h + n, -3*s = -6*s - 4*h + 133. What is the tens digit of s?
4
Let g(c) = -2*c + 5. Let w be g(-5). What is the hundreds digit of (-8)/20 - (-3321)/w?
2
Suppose 0 = 13*o - 17*o + 4440. Suppose -73 = -13*d + o. What is the tens digit of d?
9
Let p = 4089 + -2268. What is the thousands digit of p?
1
Let x = 23 + -25. Let q = x - -30. Suppose -4*t + 4*l + 236 = 0, q - 138 = -2*t + 4*l. What is the tens digit of t?
6
Suppose 2*z = -0*z - 28. Let b = z + 18. What is the units digit of 4/(-6)*(-18)/b?
3
Let j = 2123 + -435. What is the units digit of j?
8
Suppose 17*u = 14*u + 858. What is the units digit of u?
6
Let y be (-102)/(-27) + 2/9. Let n be -29*(-3 + y)*-3. What is the tens digit of 3/6 - n/(-6)?
1
Let s = 818 + -425. What is the tens digit of s?
9
Let b(s) = 34*s + 8. Let k(l) = 34*l + 8. Let n(h) = -3*b(h) + 4*k(h). What is the tens digit of n(4)?
4
Suppose -133 = -2*r + 657. What is the units digit of r?
5
Let c = -812 + 1378. What is the hundreds digit of c?
5
Suppose 0 = 3*i + 4 - 10. Suppose -i*l = -3*l + 15. What is the units digit of l?
5
What is the units digit of 262*((-29)/4)/(48/(-96))?
9
Suppose -2*c + 5 = 1. Suppose 0 = c*d - 2 - 2. What is the tens digit of ((-16)/d)/(2/(-3))?
1
Let c be 5/(-1) - (6 - 4)*-1. Suppose 0*h - 2*h = -8. What is the tens digit of (516/h)/c*-1?
4
Let c(w) = 290*w + 230. What is the thousands digit of c(17)?
5
Let b(l) = 62*l**2 + 2*l - 3. Let c be b(2). Suppose -4*w + 227 = u - 34, 5*u = -4*w + c. What is the units digit of w?
6
Let o = 1 + 1. Suppose -2*n + 4 + 0 = 0, 3*i - 493